eatest common factor of 96 and q.
96
Let h = 13 - 5. Let p = -498 + 554. What is the greatest common factor of p and h?
8
Let q be (-330)/(-50)*(-40)/(-12). Let y be 2 - 1 - (-22 + 1). Calculate the greatest common divisor of q and y.
22
Suppose 56 = d - 6. What is the greatest common factor of d and 2?
2
Let h(w) = -3*w**3 + 4*w**3 - 5*w**2 + 10*w**2 + 4. Let u be h(-5). Let q be (48/(-72))/(4/(-120)). Calculate the greatest common factor of u and q.
4
Let v = 639 - 614. Calculate the greatest common divisor of v and 1.
1
Suppose 2*a - 100 = -3*s + s, -154 = -3*a - 2*s. Let n = 4 + -2. Suppose n*j = 4*k - 20, 14 = k + 2*j + 4. What is the highest common factor of a and k?
6
Suppose -104 = -5*y + 106. Let i = 575 + -332. Suppose -3*b - 135 = -2*a, -i = -4*a - 5*b + 2*b. Calculate the greatest common factor of a and y.
21
Suppose 10 = 5*r - 10. Suppose -373*g + 371*g - 12 = -2*q, 3*g = -q - 2. What is the greatest common factor of r and q?
4
Let a(l) = 4*l**2 + 4*l + 8. Let w be a(0). Calculate the greatest common factor of w and 44.
4
Let l be (-181)/(-1) - 0/(-7). Suppose -l = 2*o + 75. Let f = 179 + o. Calculate the highest common divisor of f and 17.
17
Suppose -v = 3*d - 9, -4*v + 4*d + 50 = -18. Let h = v + -7. Calculate the greatest common factor of 40 and h.
8
Let b(o) = -o**3 + 12*o + 190. Let d be b(0). Suppose -12 = 3*r, 2*c = -3*r - r + 136. What is the highest common divisor of d and c?
38
Let r(c) = -c + 1. Let y be r(-3). Let k be (-3)/(3/(-4)) - -69. Suppose -n = n + g - k, -2*g - 106 = -3*n. What is the highest common factor of n and y?
4
Let i be (30/(-8))/((-3)/(-12)). Let j(q) = -2*q**2 - 4*q + 5. Let k be j(-4). Let g = k - i. Calculate the greatest common divisor of g and 12.
4
Let q be 27/36 - (-1694)/(-8). Let p = q - -295. Suppose -4*z - 8 = 12, 0 = 4*c + 5*z - 23. Calculate the highest common factor of c and p.
12
Suppose -1468 = -26*m + 2510. What is the greatest common divisor of m and 136?
17
Let b be ((-54)/(-2))/(10/(-10)). Let g be (-72)/b*3/2. Suppose -g*y - 3*j = -y - 21, -4*j + 10 = y. Calculate the highest common divisor of 6 and y.
6
Let b be 15/(0 + -5)*-41. Calculate the highest common divisor of 3 and b.
3
Suppose 3*g + q - 17 = 0, -2*g + 10 - 2 = 4*q. Let h be ((-22)/g - 0)*-3. Calculate the highest common divisor of 44 and h.
11
Let f be (-2 + (6 - 0))*1. Suppose f*i = -3*r - 2*r, 5*r - 4*i = 0. Suppose -2*g + 208 = -r*g. What is the highest common factor of g and 13?
13
Let l = 66 + 3. Calculate the greatest common divisor of l and 46.
23
Let o be (-30*(-10)/15)/2. What is the highest common divisor of o and 15?
5
Suppose 71*v + 180 = 77*v. What is the highest common divisor of 570 and v?
30
Let o be -16*(-2 + 5)*39/(-12). Calculate the greatest common factor of o and 84.
12
Suppose -2*o = -0 - 2, -5*k - 6 = 4*o. Let h = k + 2. Let r be 1*(h + (2 - 0)). Calculate the highest common factor of r and 22.
2
Let y(s) = 36*s - 32. Let d be y(2). What is the highest common factor of d and 152?
8
Suppose 80 = 11*w - 6*w. Suppose 26*p - w = 22*p. Let n be 2*1*(-2 + 3). What is the highest common divisor of p and n?
2
Let c = -16 - -21. Suppose -5*n - 169 = -2*g, -c*g - 4*n + 164 = -209. What is the highest common divisor of g and 11?
11
Let k(c) = -11*c + 36. Let l be k(0). What is the greatest common divisor of 168 and l?
12
Suppose 25 = 3*l + 2*o, 18*o - 4 = 16*o. Suppose -3*t - 2*x + 8 = 3, -4*t + x = -3. Calculate the greatest common divisor of t and l.
1
Let r(a) = -25*a - 165. Let g be r(-18). Calculate the greatest common divisor of g and 60.
15
Suppose t - 3*m - 9 = -2*m, 4*t = 2*m + 26. Suppose p + 48 = 7*p. What is the greatest common factor of t and p?
4
Let x(q) = 12*q**2 + 7*q + 20. Let o be x(4). What is the greatest common factor of o and 12?
12
Suppose -3*c + c = -18. Let p be (-4)/(-5) - (-28)/(-10). Let b be (6 + 3)/(p/(-6)). What is the highest common factor of c and b?
9
Let w be ((14/4)/((-3)/6))/(-1). Let s be 2/8*2*4. Let l = s + w. Calculate the greatest common divisor of l and 6.
3
Suppose 0 = 5*f + 16 - 1. Let d = -1 - f. Suppose 0 = -d*t + t + 48. What is the highest common factor of t and 6?
6
Let s(b) = -5*b - 5. Let n be s(4). Let o = n - -39. Suppose y = -y + 70. What is the highest common divisor of o and y?
7
Let c be 0 + 10/(-4)*-12. Let x(j) = j**3 - 24*j**2 + 122*j - 6. Let m be x(17). Calculate the highest common divisor of c and m.
15
Let l(g) be the second derivative of -g**3/6 + 8*g**2 - 4*g. Let t be l(12). Let r be 45/3 - t/2. What is the greatest common factor of 65 and r?
13
Let r be ((-2)/(-4))/(1/20). Let u(a) = -4 + 2*a - 2*a + 3*a - a. Let c be u(17). Calculate the highest common divisor of c and r.
10
Suppose -4*b - 4*l = -128, -58 = -3*b - 5*l + 48. Calculate the greatest common divisor of b and 15.
3
Let j = 2032 - 1878. Calculate the greatest common factor of j and 182.
14
Let w be 6/21 + 1*402/14. What is the highest common divisor of w and 464?
29
Suppose -2*t = 2, -3*l + 2*l + 5*t = -509. Let o be 56/1 - (2 - 2). Calculate the greatest common factor of l and o.
56
Suppose 4*x + 2*a + a + 65 = 0, -x - 12 = 5*a. Let q be (7/28*4)/(2/(-22)). Let h = q - x. What is the highest common factor of h and 6?
6
Let r = -1001 - -1085. Calculate the greatest common divisor of r and 196.
28
Let b be (5 + 530)/5 + (-4)/(-2). Let x = 270 - b. What is the highest common divisor of 23 and x?
23
Let c(q) = -q. Let m(p) = 4*p - 7. Let b(i) = 2*c(i) + m(i). Let j be b(6). Suppose 21 = j*h - 4. What is the greatest common factor of 15 and h?
5
Let g be (-55)/(-1) - (-1 + 3). Suppose -51*y + g*y = 44. What is the greatest common divisor of y and 11?
11
Suppose 16 = 2*n + 4*o, -3*o = -n - n - 5. Let x be 1*15*6*1/9. What is the greatest common divisor of n and x?
2
Suppose -6 = -2*y + 8. Let q = y + -7. Suppose q*r = -5*r + 35. Calculate the greatest common factor of 7 and r.
7
Let f(u) = -2*u**3 - 2*u**2 - 2*u + 1. Let m be f(-2). Let w(r) = -13*r + 247. Let a be w(16). Calculate the highest common factor of a and m.
13
Let u = 315 + -307. What is the highest common factor of 392 and u?
8
Suppose 5*z - 2471 = -q, -7*q + 3*q - 1478 = -3*z. What is the greatest common divisor of 76 and z?
38
Let t(y) = 8*y**2 - 3*y - 5. Suppose 0 = -v - 26 + 29. Let b be t(v). Calculate the greatest common divisor of b and 29.
29
Suppose 0 = -v - b + 91, -b + 5*b = v - 86. Calculate the greatest common factor of v and 2250.
90
Suppose n + 3*n - 5*k - 68 = 0, 8 = n + k. Suppose z - 4*w = n, -3*w + 4*w = 3*z - 14. Let u = 28 - 12. What is the highest common divisor of u and z?
4
Suppose -9*z + 117 = -18. Calculate the highest common divisor of 110 and z.
5
Let s(d) = 4*d + 34. Let u be s(10). Suppose u = 3*z - 16. What is the greatest common factor of 12 and z?
6
Let j(q) = q + 1. Let b(y) = -5*y + 12. Let n(c) = b(c) + 2*j(c). Let t be n(4). Let g = 2 - 0. What is the greatest common divisor of g and t?
2
Let l be (1/(-4))/(5/(-30))*2. Let f(d) = 11*d - 9. Let c be f(l). What is the highest common divisor of c and 264?
24
Let n(h) = -512*h**3 - 5*h**2 - 5*h + 1. Let t be n(-1). What is the highest common factor of 399 and t?
57
Let q(l) = 11*l**2 + 2*l - 8*l**2 + 1 + 7*l**2. Suppose -13*f - 2 = -11*f. Let p be q(f). What is the greatest common divisor of p and 1?
1
Let f = -1256 + 1287. Calculate the greatest common divisor of 155 and f.
31
Suppose 4*c + 65 = 5*z + 5, 60 = 5*z + 3*c. What is the highest common factor of 228 and z?
12
Suppose v + 445 = 3*d - 2*d, d + 5*v - 475 = 0. What is the highest common divisor of d and 270?
90
Let t(x) = x**3 + 11*x**2 + x + 3. Let p be t(6). Calculate the highest common divisor of 27 and p.
27
Let l(q) = -q + 8. Let z be l(3). Let o be z*(-5 - -4 - -2). Suppose o*u + 2*u = 875. Calculate the highest common factor of 50 and u.
25
Let b = 1 + 1. Let m be 33 + 9/6*b. Let g be (-1 - -1) + m/2. What is the highest common factor of g and 45?
9
Let l = 92 - 88. What is the greatest common factor of l and 40?
4
Suppose 0 = -m + 3*m. Let g(b) = b**2 + 2*b + 3. Let d be g(m). Suppose -15 = d*j - 8*j, 2*j - 294 = -4*t. Calculate the greatest common factor of t and 9.
9
Suppose -18 + 6 = -5*p + 2*g, 0 = 5*p + g - 24. Suppose 98 = p*w - 42. What is the highest common 